he remainder when 2526 is divided by s?
19
Let a(b) = -b**3 - 2*b**2 - 7*b - 25. Let j be a(-3). Suppose 4*w - 506 = 5*v, j*w + 8*v = 4*v + 653. What is the remainder when w is divided by 64?
1
Let q be (10/40)/(2/16) + -4. What is the remainder when 3 - 5*-69 - (-5 - q) is divided by 44?
43
Calculate the remainder when (2 - -9 - -2185) + -14 is divided by 19.
16
Suppose q + 7*g - 9395 = 0, 5*q - 2*g - 46903 = -g. Calculate the remainder when q is divided by 11.
9
Suppose x = 5*a - 2356, 9*x = 3*a + 12*x - 1428. What is the remainder when a is divided by 14?
10
Let v(p) = -p**2 + 2*p + 43. Let u be (-42)/24*(1 + (-1 - 4)). What is the remainder when 21 is divided by v(u)?
5
Let c(q) be the second derivative of q**4/12 - 3*q**3/2 - 153*q**2/2 + 2*q + 120. What is the remainder when c(-12) is divided by 18?
9
Suppose 0 = 3*o - 32 + 20. Suppose -52 = -3*d - o. What is the remainder when 60 is divided by d?
12
What is the remainder when -12 + 7*24/28 + (-40)/(-4) is divided by 3?
1
Suppose -4*o - 4*p - 293 - 643 = 0, 0 = 3*p - 15. Let g = -209 - o. What is the remainder when g is divided by 10?
0
Let r(b) be the first derivative of -b**2/2 + 2*b - 12. Calculate the remainder when -3 + (2 - (-16)/4) is divided by r(-1).
0
Suppose 0 = 3*i - 4*y + 173, -2*y = -2*i - 28 - 90. Let d = 92 + i. Suppose -3*j - 53 = -71. Calculate the remainder when d is divided by j.
5
Let y = 35 - 11. Let u(q) = 71*q - 4 - 2 - 30*q - 36*q. Calculate the remainder when y is divided by u(4).
10
Let h = -57 + 122. Suppose h = 2*p - 7. Let u = p - 33. Calculate the remainder when u is divided by 1.
0
Let z(p) = 405*p + 2212. Calculate the remainder when 357 is divided by z(-5).
170
Suppose 3*r + 8 = 5, -r + 69 = j. What is the remainder when 126 is divided by j?
56
Suppose 5*y - 509 - 156 = 0. Suppose y*o = 117*o + 400. Calculate the remainder when 69 is divided by o.
19
Let m = 5839 - 4776. Calculate the remainder when m is divided by 95.
18
Let v = -13 + 11. Let q = 33 + v. What is the remainder when q is divided by 24/56*(-14)/(-2) + 13?
15
Suppose -z + 25*v - 29*v - 4 = 0, -5*v - 90 = -3*z. Let n(y) = 0 - 9*y - y - 1. What is the remainder when n(-4) is divided by z?
19
Let r(u) = 7*u**2 + u + 1. Let w be r(-1). Let s = -10108 - -10112. Suppose s*m - w*m = -12. What is the remainder when 23 is divided by m?
3
Suppose 2*k = -24*k + 8034. What is the remainder when k is divided by 161?
148
Let t = 123 + 67. Let a = t - 184. What is the remainder when 19 is divided by a?
1
Suppose -5*t - 61192 = -3*w, -3*t = -10084*w + 10089*w - 101930. Calculate the remainder when w is divided by 18.
13
Let z(t) = 139*t**2 + 6*t + 6. Let g be z(-1). Suppose 42 = 141*o - g*o. Calculate the remainder when 41 is divided by o.
20
Suppose -8*g - y = -4*g - 3, g + 8 = -2*y. Suppose -4*f + g = -82. Let a = 1 + f. What is the remainder when a is divided by 7?
1
Let n(y) = y - 7. Suppose -12*q + 90 + 690 = 0. Suppose c - q = -42. What is the remainder when 30 is divided by n(c)?
14
Let y(l) = l**2 - 12*l - 75. Let v be y(-5). Suppose -269 + 1359 = v*m. What is the remainder when m is divided by 30?
19
Suppose -2*j + 310 = 2*k, 5*k = 5*j + 984 - 189. Calculate the remainder when k is divided by 75.
7
Let m(d) be the second derivative of -3*d**5/2 - d**4/12 + d**3/6 - 2*d. Calculate the remainder when m(-1) is divided by (6/8)/(7/140).
13
Let u = -33 + 325. Suppose 2*c - 237 = -c. What is the remainder when c is divided by ((-2)/1)/((-73)/u)?
7
Let p = 421 + -292. Let l = p - 116. Let y(k) = 7*k**3 + 2*k**2 - k + 1. What is the remainder when y(2) is divided by l?
11
Suppose -8419 - 6195 = -4*h - 1882. What is the remainder when h is divided by 198?
15
Let l(w) = -w**2 - 42*w + 123. Let f be l(-50). Calculate the remainder when f/(-25) + (228/(-150))/19 is divided by 3.
2
Suppose 285*o - 431211 = -64416. What is the remainder when 1287 is divided by o?
0
Calculate the remainder when 119/(-21) - -6 - 4162/(-6) is divided by 12.
10
Let a(p) = p**3 - 6*p**2 - 89*p - 88. Calculate the remainder when (-1)/(-1) + 0 + 374 is divided by a(-6).
11
Suppose 75 = 5*y - 5*g, 82*y + 4*g = 83*y - 18. Calculate the remainder when 752 is divided by y.
10
Suppose 10 = -0*y + 5*y - 2*g, 4*y - 5*g - 8 = 0. Let w = -1 + y. Suppose -w = -v + 1. What is the remainder when v is divided by 1?
0
Suppose -z + 10 = -2*b + 106, -400 = 4*z - 4*b. Let m = 121 + z. Calculate the remainder when m is divided by 0 + 1/(-1) - -8.
3
Let g be (0/((-1)/1 + -1))/3. Suppose -5*u - 4*p - 251 = 0, g = -u - 2*u - p - 152. What is the remainder when ((-9)/(-4))/(u/(-2584)) is divided by 29?
27
Let j = 87 - 66. Let z = j - -69. What is the remainder when z is divided by 23?
21
Let u(f) = 4*f**2 + 93*f + 9. Let d be u(-27). Suppose -9*w + 1368 + d = 0. Calculate the remainder when w is divided by 68.
62
Suppose -5 = 567*z - 566*z. Let n(c) = -50*c - 242. What is the remainder when (11/1)/(2/4) is divided by n(z)?
6
Let p = -178 + 668. Suppose -p = 3*i - 10*i. What is the remainder when i is divided by 19?
13
Let s(z) = 4*z**2 - 11*z - 1. Suppose 10*f = 5 + 105. Suppose f*i + 26*i = 444. Calculate the remainder when s(8) is divided by i.
11
Let z be 1 - 2 - (-10 - 16). Let a = z + -34. Let m = 2 - a. Calculate the remainder when m is divided by 5.
1
Let u = 2816 + -2138. What is the remainder when 682 is divided by u?
4
Suppose 3*s + a - 132 = 287, s - 143 = -2*a. Let f = s - 91. Calculate the remainder when 118 is divided by f.
22
Suppose 19*k = 1488 - 6. Calculate the remainder when 475 is divided by k.
7
Let t(k) = 7*k - 184. Let v be t(40). What is the remainder when (1 - 268)*v/(-144) is divided by 5?
3
Let m = 7 - 5. Suppose 0 = 6*w - 0*w - 1236. Suppose 0 = -3*j - m*d + 116, -w = -4*j - j + 3*d. What is the remainder when j is divided by 7?
5
Calculate the remainder when 557 is divided by 2024/36 - (55/45 + -1).
53
Let b be ((3*-1)/3)/(14/(-2534)). Suppose -4*i = a - b, 2*a + 10 = -4*i + 192. Calculate the remainder when 174 is divided by i.
39
Suppose 0 = -4*o + 6*o - 4. Let a be o/(-6) - -1 - (-43)/129. Calculate the remainder when 47 is divided by a*(-108)/(-11) - 30/(-165).
7
Let j(u) = 6*u**2 + 3*u + 2. Let y be j(-3). Let p = y - 42. Suppose 5*m = 3*o - 75, 4*o - 5*m + 45 = p*o. What is the remainder when o is divided by 4?
2
Let i be -1 + 0 - -6 - (-10)/2. Suppose -i*k + 70 = -310. Calculate the remainder when k is divided by 4.
2
Let z(c) = 8*c**2 + 1. Suppose 0 = 85*w - 94*w + 18. Calculate the remainder when (2492/(-42))/(w/(-3)) is divided by z(1).
8
Suppose 4*v + 146*t = 148*t + 124, 5*t = -4*v + 124. Suppose -2006 = -v*a - 28*a. Calculate the remainder when 101 is divided by a.
33
Suppose 4*j = -167*p + 162*p + 3, -3*p = 3*j - 9. Let n(f) = 53*f**2 - 2*f + 1. What is the remainder when n(1) is divided by j?
4
Let j = -5 - -56. Suppose j = 5*y - 2*y. Suppose 0 = -5*b + 2*z + 404, -5*z + 213 = 2*b + 34. Calculate the remainder when b is divided by y.
14
Suppose -2*q - 2*q = -132. Let p = q - 34. Let l(f) = 16*f**2 + 3*f + 2. What is the remainder when 59 is divided by l(p)?
14
Suppose -99*q - 50*q = -6676 - 2562. What is the remainder when 887 is divided by q?
19
Let i(d) = d**3 + 34*d**2 + 24*d - 45. What is the remainder when i(-33) is divided by 34?
14
Suppose 23*a - 231 = -47. Suppose 689 = a*u + 113. Calculate the remainder when 357 is divided by u.
69
Suppose -4*c + 2 = -270. Suppose -4*u - c = -4*b, 3*u + 2*b = 4*b - 48. Let p(y) = -y**2 - 12*y + 35. Calculate the remainder when 40 is divided by p(u).
5
Calculate the remainder when 496 is divided by 39/(-351) + 2030/45.
1
What is the remainder when 84 is divided by (-5)/((-7)/(-36) + -1*(-13)/(-39))?
12
Suppose 82*c + 261 - 1655 = 0. Calculate the remainder when 90 is divided by c.
5
Calculate the remainder when -8 + 4 - (-1 + -180)*1 is divided by (-2)/4 + 207/6 + -4.
27
Let a = 238 - 226. Suppose 2*u - 10 = 4*h - 20, -3*u = 3*h - a. What is the remainder when (-8)/((-2)/(-4) + -1) is divided by h?
1
Let f be 30/8 - (-8)/32. Suppose -b = b - f. Calculate the remainder when b is divided by 4/(-14) + (-336)/(-147).
0
Let b = 13636 + -4429. What is the remainder when b is divided by 14?
9
Suppose 2*n = -l - 51, 27 = 2*l + 25. Let a = n - -249. What is the remainder when